 = 402 - 407. Let x(z) = 0*z + z + z. Determine x(f).
-10
Let u(c) = 0*c - 8 + 4 + c**2 + 4*c. Let r = -16 - -9. Let d = r - -3. Calculate u(d).
-4
Suppose 2*a + 4 = 6. Let w = a - 1. Let f(b) = 0 + 3 - 4 - b. Determine f(w).
-1
Let r(f) = -3*f + 7. Suppose 6 = -b - 2*b. Let g(v) = -v + 3. Let u(m) = b*r(m) + 5*g(m). What is u(2)?
3
Let z(n) = 3*n - 1. Let p = -14 + 16. Determine z(p).
5
Let q(v) = v**3 + 11*v**2 - 12*v - 4. Let s be q(-12). Let d(c) = c**2 + 4*c - 4. Calculate d(s).
-4
Let q = 197 - 199. Let o(z) = -4*z**2 - 9*z - 2. Let g(c) = -2*c**2 - 5*c - 1. Let n(m) = 7*g(m) - 4*o(m). Let a(f) be the first derivative of n(f). Give a(q).
-7
Let o(k) = k - 3 - k**2 - 4*k + 2. Suppose 12 = -2*r + 3*r. Let m be r/(-9) + 1/3. Calculate o(m).
1
Let z(n) be the second derivative of n**5/20 - n**4/2 + n**2/2 + n. Determine z(6).
1
Let i(q) be the third derivative of q**5/120 - q**4/8 - q**3/6 - q**2. Let k(u) be the first derivative of i(u). Suppose -2*a + 4*a = 0. What is k(a)?
-3
Let w(o) = -o**2 + 4*o + 3. Let d(x) = 2*x**3 + 17*x**2 - 6. Let m(a) = -a**3 - 9*a**2 + 3. Let j(y) = -3*d(y) - 5*m(y). Let s be j(-6). Calculate w(s).
6
Let t(k) be the first derivative of 1 + 1/12*k**4 - 1/20*k**5 + k + 2/3*k**3 + 1/2*k**2. Let o(x) be the first derivative of t(x). Determine o(3).
-5
Let h = -6 + 2. Suppose -g + 3*d = -1, 0*d - 5*d = 4*g - 21. Let p(a) = 5*a**2 - g*a**2 - 8*a + 1 + 11*a. Give p(h).
5
Let f = -3 - 3. Let j(l) = l**2 + 5*l - 6. Calculate j(f).
0
Let d(z) = -295*z**2 + 3*z**3 + 292*z**2 - 3 - 4*z**3 - z. Determine d(-3).
0
Suppose -d - 5*d - 12 = 0. Let t(s) = -4*s - 2. Give t(d).
6
Let c(b) = 2*b**3 - 2*b**2 - 1. Suppose -5*l - 4*p = -30, -4*p + 31 = 3*l + p. What is c(l)?
7
Let i(a) = a**2 - a - 4. Suppose -4*h + 32 = -4*p, -p = 4*h - 7 - 0. Determine i(h).
2
Let y(l) = 0*l**2 - 2*l - 4 + 5*l - l**2 + 3. Give y(2).
1
Let y(p) = p + 1. Let c(s) = 7*s + 6. Let m(b) = -c(b) + 3*y(b). What is m(-4)?
13
Let b(m) be the first derivative of -m**2/2 + 4*m + 2. Let d be b(-3). Let o(a) = -a - 2 + d + 2*a. Calculate o(0).
5
Let s(n) = n**3 - 8*n**2 + 8*n - 9. Let q be s(7). Let b be 4 + (1 - 0) + q. Let l(t) = 13 - 23 - t + 2*t + 13. Calculate l(b).
6
Let j(n) = n**3 + 6*n**2 + 4*n + 1. Suppose 2*z + 3*l = 23, 0*z - 44 = -3*z + 5*l. Let f = z + -18. Give j(f).
6
Let z(c) = -c**2 - 18*c - 32. Let p be z(-16). Let a(f) = f + 7. What is a(p)?
7
Let f(q) be the first derivative of q + 1/4*q**4 - q**3 - 1 + q**2. Determine f(2).
1
Let c(j) be the second derivative of -j**4/12 - 4*j**3/3 - 5*j**2/2 - j. Give c(-7).
2
Suppose -2*j + 5 = 3*j. Let w(v) be the second derivative of -v**4/12 - v**3/3 + v**2/2 - 2*v. Calculate w(j).
-2
Let f be (5 - (1 + 4))/(0 - 3). Let c(o) = -o - 7. Give c(f).
-7
Let g(y) = -y**2 - y - 5. Let v(x) = -x**3 - 14*x**2 - 14*x - 13. Let a be v(-13). What is g(a)?
-5
Let l(u) = u**3 - 2*u**2 - 1. Let w be l(2). Let y(i) = i - 2*i - 3*i. Calculate y(w).
4
Let l(m) be the first derivative of -m**4/4 + 7*m**3/3 + 9*m**2/2 - 5*m - 21. Give l(8).
3
Suppose k + 12 = -3*u, 3*k + 2*u = 2*k - 10. Let w be k*((-16)/6 + 2). Let n(y) = -y**3 + 4*y**2 - 2*y + 1. What is n(w)?
-7
Let v(p) = p**2 - 5*p + 4. Let t be v(4). Let o(a) = -a**2 + 6. Calculate o(t).
6
Let c(u) = -u**2 + 9*u. Let g be c(9). Let q(d) = d**2 - d. Let o(s) = -s**3 + 6*s**2 - 5*s + 2. Let i(k) = o(k) - 6*q(k). Calculate i(g).
2
Let t = 1 + 1. Let z(o) = -7 - 3*o - 2*o**2 + o + o**t + 2*o**2. Give z(5).
8
Let w = -1 - -2. Suppose a + 5*d = 35, a + 2*a + 5*d - 55 = 0. Let g(v) = -9*v**2 - 10*v + a*v. Give g(w).
-9
Let z be ((-1)/(-1))/(-5 - -6). Suppose -5*r = -11 + z. Let f(c) = c**2 + 2 - 7*c - r + 4. Give f(5).
-6
Let d(k) = -7*k - 1. Let j(h) = h**2 + 4*h + 5. Let a be j(-4). Suppose -m + a*y = 3*m + 6, -m + 9 = 4*y. Calculate d(m).
-8
Suppose -3*i + 8*i - 10 = 0. Let u(y) be the first derivative of -3*y + 2*y**2 - i - 1/3*y**3. Calculate u(4).
-3
Let p = -3 + 4. Let t(m) be the third derivative of -m**5/10 + 179*m**2. Give t(p).
-6
Let v(j) = j - 1. Let f(g) = -g**2 - g + 12. Let d(l) = -f(l) - 6*v(l). Calculate d(5).
-6
Suppose -n = 3*s + 17, 0 = 4*n + 4*s + 30 + 14. Suppose -5*t - 2*c = -7, 5*c = -22 + 2. Let o = t + n. Let k(b) = -b**2 - 6*b - 5. Calculate k(o).
0
Let c(s) = -2*s**3 + 4*s**2 - 2*s - 1. Let u(a) = -5*a**3 + 11*a**2 - a + 1. Let y(j) = j**3 - j**2 + 1. Let p(d) = -u(d) - 4*y(d). Let v be p(7). What is c(v)?
-5
Let y(l) = -l**3 - 5*l**2 - l - 2. Let c be y(-5). Let h be 2 - (c - 1) - 2. Let p(o) = -o - 3. Let x(a) = -3. Let z(f) = 4*p(f) - 3*x(f). Determine z(h).
5
Let s(p) = 2*p - 22. Let v(l) be the second derivative of l**3/6 - 7*l**2/2 - l. Let b(g) = 3*s(g) - 10*v(g). Give b(5).
-16
Let u(y) = 2*y**3 - 3*y**2 + 2*y - 3. Let o be u(3). Let j be ((-10)/3)/((-20)/o). Let h(c) = -2*c + 6. Calculate h(j).
-4
Let o = 11 + -12. Let g be o - -1 - (-3 + 5). Let u(a) = -4*a - 6. Let x(f) = -1. Let s(c) = -u(c) + 5*x(c). Give s(g).
-7
Let y = -13 + 17. Suppose -y*b - 12 - 8 = 0. Let i(n) = -3*n - 6. Calculate i(b).
9
Let z(f) = 5 - 2*f + 4 - 3 + 3*f. Suppose 13 = 5*n - 2*b + 40, -4*b + 5 = -3*n. Let m be 2 - n/(-3 - -2). Calculate z(m).
1
Let q(f) be the second derivative of -f**6/120 - 7*f**5/60 - 7*f**4/24 - f**2 + f. Let b(o) be the first derivative of q(o). Give b(-6).
6
Let g(q) be the first derivative of -q**2 - 5*q + 11. Suppose x + 3 + 2 = 0. Determine g(x).
5
Let p = -14 + 14. Let i(c) be the second derivative of 1/3*c**3 - 3/2*c**2 + p - c. Determine i(3).
3
Let p = -3 + 5. Let z(m) = p*m - 3 + 0*m + m - m. Calculate z(4).
5
Let u(z) = -z**3 - 6*z**2 - 3*z + 6. Let l be u(-5). Let n(r) = r**3 + 4*r**2 + 1. Give n(l).
1
Let f(a) = a**2 - 5*a + 4. Suppose 0 = 10*u + 8 - 38. Determine f(u).
-2
Let u(d) = 7*d**3 - 11*d**2 - 18*d - 8. Let a(q) = 11*q**3 - 16*q**2 - 27*q - 12. Let o(s) = 5*a(s) - 8*u(s). Determine o(9).
4
Suppose 0 = -2*p - 5*n - 6, 3*p - 3 = -2*n - 1. Let l(o) = -9 + p + 6 + 4*o. Let m be -1*1/1 + 0. Calculate l(m).
-5
Let v(k) = -2*k**2 - 5*k + 13. Let n = 21 + -12. Suppose -2*r + 4 = -2*g, -n = 4*r - r. Let w(y) = -y**2 - 2*y + 6. Let q(m) = g*w(m) + 2*v(m). What is q(0)?
-4
Let z(g) be the first derivative of -g**3/3 + 3*g**2 - 7*g + 25. Determine z(5).
-2
Let x(q) = -q**2. Let h(g) = 7*g**2 + g. Let l(o) = h(o) + 5*x(o). What is l(-2)?
6
Let w(h) = -h**2 + 7*h - 7. Let f(c) = -c + 159. Let o be f(0). Let g be o/9 - (-2)/(-3). Suppose -2 = 3*i - g. What is w(i)?
3
Suppose p + 2 = -3*h + 4, -18 = -h + 4*p. Let t = 4 + 1. Let x(c) = -h*c + t - 4 - c**2 + 6*c**2 - c**3. What is x(4)?
9
Let s(f) = -f + 5. Suppose -2*n = 2*l + 22 - 8, -5*n - 11 = l. Let x be l/(-8) - 12/16. Calculate s(x).
5
Let j = 33 + -23. Let s = -13 + j. Let z(o) = -o**2 + 2*o + 2. What is z(s)?
-13
Suppose 3*k + 1 = x, -5*k = -5*x - 4*k + 47. Let c(i) = i**3 - 10*i**2 + 3. Let l be c(x). Let r(v) = v**2 - 2*v + 1. What is r(l)?
4
Let v(q) be the second derivative of -q**4/24 + 5*q**3/3 + q**2/2 - 6*q. Let t(o) be the first derivative of v(o). Give t(6).
4
Let c(k) = -2*k - 3. Let j = -5 - -3. Let o(u) = u**2 + 2*u + 2. Let p be o(j). Suppose i = -p*s - 6 - 2, 2*s - 3*i = -8. Give c(s).
5
Let k(h) = -h**2 - h - 2. Suppose -o - 5*j + 8 = 0, 0 = -o + 2*o - 2*j + 6. Determine k(o).
-4
Let u(k) be the first derivative of -k**3/3 - 5*k**2/2 - k + 13. Determine u(-6).
-7
Let g = 8 - 6. Let k(n) = 0*n**2 - 4*n**2 - 4 + 5*n + 2*n**g. Calculate k(3).
-7
Let m = -2407/12 + 201. Let r(b) be the second derivative of 1/2*b**2 + 0 - 1/20*b**5 + m*b**4 - 2*b + 0*b**3. Give r(5).
1
Let c(u) = -u**2. Let g = -29 - -27. What is c(g)?
-4
Let h(q) = -q + 3*q + 0*q - 4*q. Calculate h(1).
-2
Suppose -2*h - 25 = -6*h - 5*k, -3*k - 12 = -3*h. Let i(g) = -3*g - 2. Determine i(h).
-17
Let m(c) be the second derivative of -c**7/2520 - c**6/90 - 7*c**5/120 - c**4/6 + 3*c. Let a(n) be the third derivative of m(n). What is a(-5)?
8
Let i(v) = -v**3 + 5*v**2 + 6*v - 7. Let r = -1 - 3. Let t = r + 10. What is i(t)?
-7
Suppose 0 = 5*i + j - 29, -5*j = -2*i + 3 - 13. Let d = i + -4. Suppose 0 = 4*m + 3 + d. Let q(u) = -u. Determine q(m).
1
Let p(k) be the first derivative of -2*k**3/3 + 4*k**2 + 8*k - 1. Let z(c) = c**2 - c - 1. Let f(x) = p(x) + 3*z(x). Let h = 205 + -209. What is f(h)?
1
